{"id":72083,"date":"2026-03-20T00:00:00","date_gmt":"2026-03-19T23:00:00","guid":{"rendered":"https:\/\/swissworkag.ch\/job\/zimmermann-dachdecker-m-w-130\/"},"modified":"2026-04-19T16:16:12","modified_gmt":"2026-04-19T14:16:12","slug":"zimmermann-dachdecker-m-w-130","status":"expired","type":"job_listing","link":"https:\/\/swissworkag.ch\/fr\/?post_type=job_listing&p=72083","title":{"rendered":"Zimmermann \/ Dachdecker (M\/W)"},"content":{"rendered":"<p><span style=\"font-family:Arial,Helvetica,sans-serif\"><strong>Berufserfahrung<\/strong><\/span><\/p>\n<div>Aufstellung und Errichtung von Fertighauselementen<br \/>\nEigenverantwortlich und selbstst\u00e4ndig<br \/>\nT\u00e4tigkeiten im Innenausbau<br \/>\nSie arbeiten in einem Team, dessen Hauptt\u00e4tigkeit in Zimmerei- und Montagearbeiten liegt.<br \/>\nAllgemeine Zimmereiarbeiten<br \/>\nNeu- und Umbau und Elementbau<\/p>\n<p>\u00a0<\/p><\/div>\n<p><span style=\"font-family:Arial,Helvetica,sans-serif\"><strong>Voraussetzung<\/strong><\/span><\/p>\n<div>Abgeschlossene Berufslehre als Zimmermann\/ Dachdecker EFZ<br \/>\nVerantwortungsbewusst, teamf\u00e4hig<br \/>\nSelbst\u00e4ndiges, qualitativ einwandfreies Arbeiten<br \/>\nbelastbar, wetterresistent, k\u00f6rperlich fit, zuverl\u00e4ssig und motiviert<br \/>\nBerufserfahrung im Elementbau, Innenausbau Umbau und Fassadenbau<br \/>\nF\u00fchrerschein Kat. B<\/div>\n<p>\u00a0<br \/>\n<span style=\"font-family:Arial,Helvetica,sans-serif\"><strong>Es erwartet Sie:<\/strong><br \/>\nGute Beratung und Betreuung<br \/>\nGute Sozialleistungen<br \/>\nLangfristiger Einsatz mit Aussicht auf Festanstellung<br \/>\nAnspruchsvolle und abwechslungsreiche T\u00e4tigkeit<br \/>\nSehr moderner und professioneller Einsatzbetrieb<\/span><\/p>\n","protected":false},"author":0,"featured_media":0,"template":"","job_listing_type":[554,552],"job_listing_category":[679],"job_listing_location":[495],"job_listing_tag":[],"class_list":["post-72083","job_listing","type-job_listing","status-expired","hentry","job_listing_type-duree-indeterminee","job_listing_type-temporaire","job_listing_category-industrie-artisanat","job_listing_location-munsingen"],"acf":[],"metas":{"_job_featured_image":"","_job_featured":"","_job_filled":"","_job_urgent":"","_job_category":{"679":"Industrie\/Artisanat"},"_job_type":{"554":"Dur\u00e9e ind\u00e9termin\u00e9e","552":"Temporaire"},"_job_tag":[],"_job_expiry_date":"2022-08-18","_job_gender":"Both","_job_apply_type":"","_job_apply_url":"","_job_apply_email":"bern@swissworkag.ch","_job_salary_type":"","_job_salary":"","_job_experience":"","_job_career_level":"","_job_qualification":"","_job_video_url":"","_job_photos":"","_job_application_deadline_date":"","_job_address":"SWAG Swiss Work AG Patrick Sch\u00fcpbach Gartenstrasse 2 3110 M\u00fcnsingen","_job_location":{"495":"M\u00fcnsingen"},"_job_map_location":{"address":"","latitude":"","longitude":""}},"_links":{"self":[{"href":"https:\/\/swissworkag.ch\/fr\/wp-json\/wp\/v2\/job_listing\/72083","targetHints":{"allow":["GET"]}}],"collection":[{"href":"https:\/\/swissworkag.ch\/fr\/wp-json\/wp\/v2\/job_listing"}],"about":[{"href":"https:\/\/swissworkag.ch\/fr\/wp-json\/wp\/v2\/types\/job_listing"}],"wp:attachment":[{"href":"https:\/\/swissworkag.ch\/fr\/wp-json\/wp\/v2\/media?parent=72083"}],"wp:term":[{"taxonomy":"job_listing_type","embeddable":true,"href":"https:\/\/swissworkag.ch\/fr\/wp-json\/wp\/v2\/job_listing_type?post=72083"},{"taxonomy":"job_listing_category","embeddable":true,"href":"https:\/\/swissworkag.ch\/fr\/wp-json\/wp\/v2\/job_listing_category?post=72083"},{"taxonomy":"job_listing_location","embeddable":true,"href":"https:\/\/swissworkag.ch\/fr\/wp-json\/wp\/v2\/job_listing_location?post=72083"},{"taxonomy":"job_listing_tag","embeddable":true,"href":"https:\/\/swissworkag.ch\/fr\/wp-json\/wp\/v2\/job_listing_tag?post=72083"}],"curies":[{"name":"wp","href":"https:\/\/api.w.org\/{rel}","templated":true}]}}

<p><span style="font-family:Arial,Helvetica,sans-serif"><strong>Berufserfahrung</strong></span></p>
<div>Aufstellung und Errichtung von Fertighauselementen<br />
Eigenverantwortlich und selbstständig<br />
Tätigkeiten im Innenausbau<br />
Sie arbeiten in einem Team, dessen Haupttätigkeit in Zimmerei- und Montagearbeiten liegt.<br />
Allgemeine Zimmereiarbeiten<br />
Neu- und Umbau und Elementbau</p>
<p> </p></div>
<p><span style="font-family:Arial,Helvetica,sans-serif"><strong>Voraussetzung</strong></span></p>
<div>Abgeschlossene Berufslehre als Zimmermann/ Dachdecker EFZ<br />
Verantwortungsbewusst, teamfähig<br />
Selbständiges, qualitativ einwandfreies Arbeiten<br />
belastbar, wetterresistent, körperlich fit, zuverlässig und motiviert<br />
Berufserfahrung im Elementbau, Innenausbau Umbau und Fassadenbau<br />
Führerschein Kat. B</div>
<p> <br />
<span style="font-family:Arial,Helvetica,sans-serif"><strong>Es erwartet Sie:</strong><br />
Gute Beratung und Betreuung<br />
Gute Sozialleistungen<br />
Langfristiger Einsatz mit Aussicht auf Festanstellung<br />
Anspruchsvolle und abwechslungsreiche Tätigkeit<br />
Sehr moderner und professioneller Einsatzbetrieb</span></p>

Durée indéterminée

SWAG Swiss Work AG Patrick Schüpbach Gartenstrasse 2 3110 Münsingen

Münsingen
